{"id":15,"date":"2026-03-01T10:19:22","date_gmt":"2026-03-01T10:19:22","guid":{"rendered":"http:\/\/nouveau.faunessenew.be\/?page_id=15"},"modified":"2026-03-14T11:41:43","modified_gmt":"2026-03-14T11:41:43","slug":"fete-danniversaire","status":"publish","type":"page","link":"https:\/\/faunessence.be\/index.php\/fete-danniversaire\/","title":{"rendered":"F\u00eate d&rsquo;anniversaire"},"content":{"rendered":"\n<h1 class=\"wp-block-heading has-text-align-center\">Anniversaire enfant : une f\u00eate originale avec nos animaux<\/h1>\n\n\n\n<p>Votre enfant souhaite f\u00eater son anniversaire de fa\u00e7on <strong>inoubliable et originale<\/strong>\u202f? Venez rencontrer nos <strong>rapaces<\/strong> et autres animaux pour un moment magique avec ses amis ! \u2728<\/p>\n\n\n\n<p>P<strong>our qui ?<\/strong><br>Pour les enfants d\u00e8s <strong>6 ans<\/strong>, chaque f\u00eate garantit amusement, d\u00e9couvertes et souvenirs m\u00e9morables.<\/p>\n\n\n\n<ul class=\"wp-block-list\">\n<li>Une invitation imprimable est envoy\u00e9e lors de la r\u00e9servation, \u00e0 remettre aux enfants \ud83c\udfab<\/li>\n\n\n\n<li>Chaque participant repartira avec un <strong>feuillet souvenir<\/strong> \u2728<\/li>\n<\/ul>\n\n\n\n<p><strong>Pour pr\u00e9server une ambiance conviviale :<\/strong> 10 \u00e0 15 enfants, accompagn\u00e9s de 2 parents.<\/p>\n\n\n\n<h3 class=\"wp-block-heading\">Nos formules<\/h3>\n\n\n\n<p><strong>1\ufe0f\u20e3 Anniversaire \u00ab \u00c0 la d\u00e9couverte des rapaces \u00bb<\/strong><\/p>\n\n\n\n<ul class=\"wp-block-list\">\n<li>Approche de diff\u00e9rentes esp\u00e8ces de <strong>rapaces diurnes et nocturnes<\/strong><\/li>\n\n\n\n<li>Tenue des rapaces au poing<\/li>\n\n\n\n<li>Vols d\u2019un rapace diurne et d\u2019un nocturne<\/li>\n\n\n\n<li>Participation active :&nbsp;rappel des rapaces durant leur vol<br><strong>Dur\u00e9e\u202f:<\/strong> 2 heures \u2013 <strong>150 \u20ac<\/strong> (10\u201315 enfants)<\/li>\n<\/ul>\n\n\n\n<p><strong>2\ufe0f\u20e3 Anniversaire \u00ab \u00c0 la d\u00e9couverte des rapaces et des animaux \u00bb<\/strong><\/p>\n\n\n\n<ul class=\"wp-block-list\">\n<li>Tout ce qui est inclus dans la formule pr\u00e9c\u00e9dente<\/li>\n\n\n\n<li><strong>Rencontres et nourrissage<\/strong> de nos piranhas, volailles, cochons, \u00e2ne, vache, ch\u00e8vre, moutons, cigogne\u2026<br><strong>Dur\u00e9e\u202f:<\/strong> 3 heures \u2013 <strong>225 \u20ac<\/strong> (10\u201315 enfants)<\/li>\n<\/ul>\n\n\n\n<h3 class=\"wp-block-heading\">Informations pratiques<\/h3>\n\n\n\n<p>Pour organiser au mieux la f\u00eate et vous proposer une date proche de l\u2019anniversaire, <strong>contactez-nous le plus t\u00f4t possible<\/strong>.<\/p>\n\n\n\n<p>\ud83d\udce9 <strong>Int\u00e9ress\u00e9(e) ? <a href=\"mailto:info@faunessence.be\" data-type=\"mailto\" data-id=\"mailto:info@faunessenew.be\">Contactez-nous<\/a> pour<\/strong> <strong>r\u00e9server cette exp\u00e9rience unique !<\/strong><\/p>\n\n\n\n<p><\/p>\n","protected":false},"excerpt":{"rendered":"<p>Anniversaire enfant : une f\u00eate originale avec nos animaux Votre enfant souhaite f\u00eater son anniversaire de fa\u00e7on inoubliable et originale\u202f? Venez rencontrer nos rapaces et autres animaux pour un moment magique avec ses amis ! \u2728 Pour qui ?Pour les enfants d\u00e8s 6 ans, chaque f\u00eate garantit amusement, d\u00e9couvertes et souvenirs m\u00e9morables. Pour pr\u00e9server une ambiance conviviale : 10 \u00e0 15 enfants, accompagn\u00e9s de 2 parents. Nos formules 1\ufe0f\u20e3 Anniversaire \u00ab \u00c0 la d\u00e9couverte des rapaces \u00bb 2\ufe0f\u20e3 Anniversaire \u00ab \u00c0 la d\u00e9couverte des rapaces et des animaux \u00bb Informations pratiques Pour organiser au mieux la f\u00eate et vous proposer une date proche de l\u2019anniversaire, contactez-nous le plus t\u00f4t possible. \ud83d\udce9 Int\u00e9ress\u00e9(e) ? Contactez-nous pour r\u00e9server cette exp\u00e9rience unique !<\/p>\n","protected":false},"author":1,"featured_media":0,"parent":0,"menu_order":0,"comment_status":"closed","ping_status":"closed","template":"","meta":{"footnotes":""},"class_list":["post-15","page","type-page","status-publish","hentry"],"_links":{"self":[{"href":"https:\/\/faunessence.be\/index.php\/wp-json\/wp\/v2\/pages\/15","targetHints":{"allow":["GET"]}}],"collection":[{"href":"https:\/\/faunessence.be\/index.php\/wp-json\/wp\/v2\/pages"}],"about":[{"href":"https:\/\/faunessence.be\/index.php\/wp-json\/wp\/v2\/types\/page"}],"author":[{"embeddable":true,"href":"https:\/\/faunessence.be\/index.php\/wp-json\/wp\/v2\/users\/1"}],"replies":[{"embeddable":true,"href":"https:\/\/faunessence.be\/index.php\/wp-json\/wp\/v2\/comments?post=15"}],"version-history":[{"count":6,"href":"https:\/\/faunessence.be\/index.php\/wp-json\/wp\/v2\/pages\/15\/revisions"}],"predecessor-version":[{"id":599,"href":"https:\/\/faunessence.be\/index.php\/wp-json\/wp\/v2\/pages\/15\/revisions\/599"}],"wp:attachment":[{"href":"https:\/\/faunessence.be\/index.php\/wp-json\/wp\/v2\/media?parent=15"}],"curies":[{"name":"wp","href":"https:\/\/api.w.org\/{rel}","templated":true}]}}