{"id":6,"date":"2026-03-01T10:17:38","date_gmt":"2026-03-01T10:17:38","guid":{"rendered":"http:\/\/nouveau.faunessenew.be\/?page_id=6"},"modified":"2026-03-10T21:30:50","modified_gmt":"2026-03-10T21:30:50","slug":"accueil","status":"publish","type":"page","link":"https:\/\/faunessence.be\/","title":{"rendered":"Accueil"},"content":{"rendered":"\n<h1 class=\"wp-block-heading has-text-align-center\">Bienvenue chez faunessence !<\/h1>\n\n\n\n<p>Un lieu unique o\u00f9 animaux et nature se rencontrent : domestiques, NAC, animaux de la ferme et rapaces y vivent en harmonie.<\/p>\n\n\n\n<p><strong>Pourquoi \u00ab faunessence \u00bb ?<\/strong><br>\u00ab Faune \u00bb repr\u00e9sente l\u2019ensemble des esp\u00e8ces animales, et \u00ab essence \u00bb leur nature intime. Ici, chaque rencontre avec un animal est authentique, sinc\u00e8re, et nous rappelle \u00e0 nos sens trop souvent oubli\u00e9s.<\/p>\n\n\n\n<p><strong>Qui sommes-nous ?<\/strong><br>N\u00e9e en 2012 de la passion commune de C\u00e9dric, fauconnier et guide nature, et de Catherine, \u00e9ducatrice sp\u00e9cialis\u00e9e. faunessence est avant tout un espace de respect et de bien-\u00eatre pour les animaux et les visiteurs.<\/p>\n\n\n\n<p><strong>Notre objectif :<\/strong> vous offrir des moments uniques \u00e0 travers une exp\u00e9rience immersive et p\u00e9dagogique. Nos activit\u00e9s permettent d\u2019observer, de manipuler et d\u2019apprendre directement aupr\u00e8s des animaux, une d\u00e9couverte concr\u00e8te et captivante, accessible \u00e0 tous, dans un environnement o\u00f9 la proximit\u00e9 avec les animaux rend chaque moment inoubliable.<\/p>\n\n\n\n<p><strong>Venez ressentir la vie autour de vous : le souffle des oiseaux, la chaleur du soleil, le froissement des feuilles, la douceur d\u2019un contact\u2026 un moment privil\u00e9gi\u00e9 o\u00f9 se m\u00ealent \u00e9motions et \u00e9merveillement.<\/strong><\/p>\n","protected":false},"excerpt":{"rendered":"<p>Bienvenue chez faunessence ! Un lieu unique o\u00f9 animaux et nature se rencontrent : domestiques, NAC, animaux de la ferme et rapaces y vivent en harmonie. Pourquoi \u00ab faunessence \u00bb ?\u00ab Faune \u00bb repr\u00e9sente l\u2019ensemble des esp\u00e8ces animales, et \u00ab essence \u00bb leur nature intime. Ici, chaque rencontre avec un animal est authentique, sinc\u00e8re, et nous rappelle \u00e0 nos sens trop souvent oubli\u00e9s. Qui sommes-nous ?N\u00e9e en 2012 de la passion commune de C\u00e9dric, fauconnier et guide nature, et de Catherine, \u00e9ducatrice sp\u00e9cialis\u00e9e. faunessence est avant tout un espace de respect et de bien-\u00eatre pour les animaux et les visiteurs. Notre objectif : vous offrir des moments uniques \u00e0 travers une exp\u00e9rience immersive et p\u00e9dagogique. Nos activit\u00e9s permettent d\u2019observer, de manipuler et d\u2019apprendre directement aupr\u00e8s des animaux, une d\u00e9couverte concr\u00e8te et captivante, accessible \u00e0 tous, dans un environnement o\u00f9 la proximit\u00e9 avec les animaux rend chaque moment inoubliable. Venez ressentir la vie autour de vous : le souffle des oiseaux, la chaleur du soleil, le froissement des feuilles, la douceur d\u2019un contact\u2026 un moment privil\u00e9gi\u00e9 o\u00f9 se m\u00ealent \u00e9motions et \u00e9merveillement.<\/p>\n","protected":false},"author":1,"featured_media":0,"parent":0,"menu_order":0,"comment_status":"closed","ping_status":"closed","template":"","meta":{"footnotes":""},"class_list":["post-6","page","type-page","status-publish","hentry"],"_links":{"self":[{"href":"https:\/\/faunessence.be\/index.php\/wp-json\/wp\/v2\/pages\/6","targetHints":{"allow":["GET"]}}],"collection":[{"href":"https:\/\/faunessence.be\/index.php\/wp-json\/wp\/v2\/pages"}],"about":[{"href":"https:\/\/faunessence.be\/index.php\/wp-json\/wp\/v2\/types\/page"}],"author":[{"embeddable":true,"href":"https:\/\/faunessence.be\/index.php\/wp-json\/wp\/v2\/users\/1"}],"replies":[{"embeddable":true,"href":"https:\/\/faunessence.be\/index.php\/wp-json\/wp\/v2\/comments?post=6"}],"version-history":[{"count":5,"href":"https:\/\/faunessence.be\/index.php\/wp-json\/wp\/v2\/pages\/6\/revisions"}],"predecessor-version":[{"id":571,"href":"https:\/\/faunessence.be\/index.php\/wp-json\/wp\/v2\/pages\/6\/revisions\/571"}],"wp:attachment":[{"href":"https:\/\/faunessence.be\/index.php\/wp-json\/wp\/v2\/media?parent=6"}],"curies":[{"name":"wp","href":"https:\/\/api.w.org\/{rel}","templated":true}]}}